a be m(3). Suppose -261 + 141 = -8*n. What is the greatest common divisor of n and a?
15
Suppose 2*r = -69 + 389. Let v = -144 + r. What is the greatest common factor of v and 184?
8
Suppose 31*b + 89*b - 2545440 = 0. Calculate the greatest common factor of b and 4.
4
Let j = -2808 - -2954. Calculate the highest common divisor of 11826 and j.
146
Let c be (2968/(-7 - -14))/(-10 + 12). Calculate the highest common factor of c and 1219.
53
Let l(s) = s**2 - s - 522. Let h be l(27). What is the greatest common divisor of 54 and h?
18
Let b = 5560 + -5524. Suppose l + 5*r = 24, -2*r - 10 + 82 = 3*l. What is the highest common divisor of b and l?
12
Let l(x) = 6*x**2 + 6*x - 48. Let r be l(-8). What is the highest common divisor of 252 and r?
36
Let h(z) = 5*z**2 + 14*z. Let k be h(-3). Suppose 1 = i, 0 = -6*t + 4*t - k*i + 31. What is the greatest common divisor of 238 and t?
14
Let f(r) = 3*r**2 + 2*r. Let v be f(4). Let k = -74973 + 75841. What is the highest common divisor of k and v?
28
Suppose m - 28 = -x, -4*x - 51*m + 168 = -55*m. Let c(i) = -2*i**3 - 4*i**2 + i - 5. Let f be c(-5). Calculate the highest common divisor of x and f.
35
Suppose 0*y - 5*y = -55. Let a be (-2)/(-5)*(3 + -15 + 1334/92). What is the greatest common factor of y and a?
1
Suppose 2*f + 28 - 288 = 0. Suppose -152*m - 35 + 2314 = -2281. What is the highest common divisor of m and f?
10
Let l(n) = 2*n**2 + 6*n + 7. Let x be l(-5). Let w be (-42763)/(-596) - (-1)/4. Calculate the highest common divisor of x and w.
9
Suppose 3*i = -4*f + 1540, -120*i = -2*f - 121*i + 770. Calculate the greatest common factor of 539 and f.
77
Suppose 3*d = 2*g + 45518 - 43858, d - 3*g - 537 = 0. Let m be 2/(-3) + (-748)/(-6). Calculate the greatest common divisor of m and d.
62
Suppose 2*d - 641 + 1321 = 0. Let g = 349 + d. What is the highest common divisor of g and 243?
9
Let d be 3/4 + ((-57174)/24)/(-13). Suppose 17*a = -9*a + 208. Calculate the greatest common divisor of d and a.
8
Let a(h) = -11*h + 47. Let b be a(8). Let w = 361 + b. What is the highest common factor of 40 and w?
40
Let s be (((-3180)/18)/(-5))/(4/(-6)). Let n = s + 125. What is the highest common factor of n and 9?
9
Suppose d = 4*n + 272, 1286 = 5*d - 3*n - 108. Calculate the greatest common divisor of d and 32.
8
Suppose 5*o - o + 12 = 0. Let h = 6 + o. Suppose 0 = 36*k - 66 - 6. Calculate the highest common factor of k and h.
1
Suppose 4*c - j = 943, -5*j = 24*c - 22*c - 477. Suppose 0 = -d + c - 156. What is the greatest common factor of d and 5?
5
Suppose 198909 = -1674*n + 1813*n. Calculate the highest common divisor of 7791 and n.
159
Let v = -37 - -22. Let j be (-200)/v*(-15)/(-2). Let c = 10991 + -10971. Calculate the greatest common divisor of c and j.
20
Let j be 48/23 + (-84)/966. Suppose 0 = l + j*l + w - 107, 0 = -3*l + 4*w + 82. Calculate the greatest common factor of 34 and l.
34
Suppose 118*d - 119*d + 4*c + 26 = 0, 4*d = -3*c - 10. What is the highest common factor of d and 734?
2
Suppose -2360 = -4*d + 1737 - 497. What is the greatest common factor of 650 and d?
50
Let u = 229 + 28. Suppose -y - u = -258. Suppose 4*i - 8 = -0*i. Calculate the greatest common factor of i and y.
1
Let c = -534 + 2226. Calculate the greatest common divisor of 36 and c.
36
Let a(k) = -3*k - 20. Let r be a(-6). Let h be r + 40 + (-7 - -4). Calculate the greatest common factor of 20 and h.
5
Let p = 583 - -4935. Calculate the greatest common divisor of p and 62.
62
Let v be 234/(-12)*(-10)/15. Let n = 14 + -14. Suppose n*i = 4*i - 312. What is the greatest common divisor of v and i?
13
Let b(g) = -1403*g - 4921. Let h be b(-6). What is the greatest common factor of h and 4304?
269
Suppose -3*y = -4*d + 60 + 33, -5*d - 3*y = -96. Suppose 10*a = 13*a - d. Suppose -11*j + 20 = -a*j. What is the greatest common factor of j and 15?
5
Suppose 2*g + 135 = 709. Suppose g = 5*q + 72. Suppose -4*l + 0*c + q = c, -35 = -2*l - 5*c. What is the highest common factor of l and 2?
2
Suppose 2858 = 36*y - 3321 - 2137. Calculate the greatest common divisor of y and 441.
21
Let l be 5 + (-3 - -3) - 2. Suppose -8*a + 4 = -9*a + 5*t, 2*a + l*t = 5. Let g be (17 + -1)*(-1)/(-2). Calculate the highest common divisor of g and a.
1
Let f = -32721 - -32838. What is the greatest common divisor of 12402 and f?
117
Suppose 50*p - 74*p + 648 = 0. Let s(i) = -i**2 + 6*i + 1. Let j be s(3). Let b be (-4 + 0)/(j/(-90)). What is the highest common divisor of b and p?
9
Suppose 0 = -4*g - 14*m + 12*m + 512, 4*g - 500 = -5*m. Calculate the highest common factor of g and 442.
26
Let n(j) = -3*j**2 + 90*j + 77. Let i be n(30). What is the highest common factor of i and 3773?
77
Let o be (141 - (0 + 1)) + 0. Let v be (-1)/(26/(-4)) - 3020/26. Let w = v - -136. What is the highest common divisor of w and o?
20
Let q = 28433 + -27124. Calculate the greatest common divisor of 4488 and q.
187
Let h(r) = -339*r - 2608. Let u be h(-29). Calculate the greatest common factor of 233 and u.
233
Let p(i) = -2 + 66*i - 80*i - 93*i. Let u be p(-1). What is the greatest common factor of 30 and u?
15
Suppose 0 = 1929*d - 1933*d - j + 3184, -3*d - 5*j + 2405 = 0. What is the highest common factor of 3763 and d?
53
Suppose 23420*f + 57792 = 23468*f. What is the greatest common factor of 63 and f?
7
Suppose 2*b + 3 - 7 = -t, 4 = -4*b + t. Suppose b = -5*p + p + 104. Let y = p + 49. Calculate the greatest common divisor of 15 and y.
15
Suppose -8 = -251*v + 250*v + 3*m, m = 4. What is the greatest common divisor of v and 2315?
5
Let p = -202 - -820. Suppose 5*x + 4*h - p = 0, 0*h - 507 = -4*x + h. What is the highest common divisor of x and 28?
14
Suppose -203 + 32 = -61*o + 12. What is the highest common divisor of 1383 and o?
3
Suppose 2*m = -0*m + 56. Suppose 954 = -0*c - 3*c + 4*n, -4*c + 2*n - 1282 = 0. Let f = c + 364. Calculate the greatest common factor of f and m.
14
Let i = -859 + 1009. Let x(r) = 17*r - 8. Let n be x(4). What is the highest common factor of i and n?
30
Let b(q) = -q**3 - 548*q**2 + 78589*q + 698. Let i be b(-666). Let h be 930 + -1 - (3 + -2). What is the highest common factor of h and i?
32
Let u(o) = o**2 - 98*o + 643. Let q be u(7). Let w(s) = 24*s - 6. Let v be w(3). What is the highest common factor of v and q?
6
Suppose 6*k = k + 1260. Let j = k + -138. Calculate the greatest common factor of j and 6.
6
Let d(g) = -6*g + 4*g - 3*g**2 - 1 + g**3 + 0*g. Let t be d(5). Suppose 4*c - 6 = 4*j - 66, -4*j - 3*c = -t. Calculate the greatest common divisor of 12 and j.
12
Let d be (3/2)/((-2)/(-20)). Suppose -300*g = 4*g - 63522 + 13362. Calculate the greatest common divisor of d and g.
15
Let f(q) = 180*q. Let i be f(1). Suppose m + b - 4 = 11, 4*m - 5*b = 105. What is the highest common divisor of i and m?
20
Suppose 34*p - 28 = 30*p. Suppose -9*x = -o - p*x + 47, x + 151 = 3*o. What is the greatest common factor of 34 and o?
17
Suppose 4*q = 4*x - 4, q - 2*q - 4*x + 9 = 0. Let o be (-4 - 0)*q/(-2). Let r be (2 - -18)*2/o. What is the highest common divisor of r and 4?
4
Let g = 3783 - -8328. Calculate the highest common factor of 22 and g.
11
Suppose 0 = -5*a + 205*n - 210*n + 450, 0 = n + 1. Calculate the greatest common divisor of a and 1027.
13
Let o be (1 - 74/(-10))*410/(-123). Let l = 7 + o. Let f be l/(-4) - ((-60)/16 - -4). Calculate the greatest common divisor of f and 45.
5
Suppose 25 = -5*s, 5*s + 57 = -b + 3*b. Let k = b + 6. Suppose -236 + 830 = 3*n. Calculate the highest common divisor of n and k.
22
Let x be (-25)/1*332/(-4150). Suppose -j = -1, -3*y + j + 190 - 47 = 0. Calculate the highest common divisor of x and y.
2
Suppose -4*x - x - 15 = 0, 5*j + 4*x = 3088. Let b = 644 - j. What is the highest common divisor of 138 and b?
6
Let d be 2970/(-105)*(1 - 8). Suppose -669*i = -648*i - 462. What is the highest common factor of d and i?
22
Let p be 74/(-259)*(-137 + -3). Suppose -12 = -0*c - 4*c. Suppose -c*b = -10 - 5. Calculate the highest common divisor of b and p.
5
Let w(a) = 2*a**2 + 54*a + 54. Let q be 627/(-24) + 7/56. Let u be w(q). Calculate the greatest common factor of 58 and u.
2
Let n = 784 - 451. Calculate the highest common factor of n and 54.
9
Let u(y) = y**3 + 27*y**2 + 22*y - 47. Let h be u(-26). Let p = -54 +